of 14031?
1
What is the tens digit of 656?
5
What is the units digit of 19922?
2
What is the units digit of 3689?
9
What is the hundreds digit of 62512?
5
What is the hundreds digit of 149060?
0
What is the hundreds digit of 31995?
9
What is the hundreds digit of 711?
7
What is the hundreds digit of 10731?
7
What is the units digit of 2243?
3
What is the hundreds digit of 1754?
7
What is the hundreds digit of 35960?
9
What is the units digit of 1414?
4
What is the units digit of 13866?
6
What is the ten thousands digit of 37004?
3
What is the hundreds digit of 10583?
5
What is the units digit of 5826?
6
What is the hundreds digit of 563?
5
What is the units digit of 27796?
6
What is the hundreds digit of 13852?
8
What is the hundreds digit of 3137?
1
What is the tens digit of 2165?
6
What is the tens digit of 3248?
4
What is the units digit of 29442?
2
What is the tens digit of 1864?
6
What is the ten thousands digit of 12876?
1
What is the ten thousands digit of 137124?
3
What is the units digit of 27510?
0
What is the thousands digit of 98646?
8
What is the units digit of 8818?
8
What is the units digit of 993?
3
What is the hundreds digit of 23362?
3
What is the tens digit of 7856?
5
What is the thousands digit of 1434?
1
What is the units digit of 5370?
0
What is the tens digit of 2610?
1
What is the tens digit of 63?
6
What is the units digit of 8543?
3
What is the hundred thousands digit of 125788?
1
What is the ten thousands digit of 86551?
8
What is the ten thousands digit of 62279?
6
What is the hundreds digit of 3389?
3
What is the units digit of 9006?
6
What is the thousands digit of 24845?
4
What is the hundreds digit of 1049?
0
What is the tens digit of 10353?
5
What is the units digit of 370?
0
What is the hundreds digit of 12520?
5
What is the tens digit of 3178?
7
What is the tens digit of 127?
2
What is the tens digit of 472?
7
What is the thousands digit of 2494?
2
What is the units digit of 4216?
6
What is the tens digit of 51363?
6
What is the tens digit of 47511?
1
What is the hundreds digit of 860?
8
What is the hundreds digit of 1041?
0
What is the tens digit of 3904?
0
What is the tens digit of 495?
9
What is the units digit of 32419?
9
What is the hundreds digit of 414?
4
What is the ten thousands digit of 20564?
2
What is the hundreds digit of 30537?
5
What is the tens digit of 15803?
0
What is the units digit of 556?
6
What is the units digit of 723?
3
What is the tens digit of 876?
7
What is the thousands digit of 2580?
2
What is the thousands digit of 1959?
1
What is the thousands digit of 31287?
1
What is the hundreds digit of 576?
5
What is the tens digit of 99?
9
What is the hundred thousands digit of 116426?
1
What is the thousands digit of 21251?
1
What is the ten thousands digit of 11343?
1
What is the thousands digit of 5137?
5
What is the hundreds digit of 31175?
1
What is the tens digit of 55?
5
What is the tens digit of 2377?
7
What is the tens digit of 70242?
4
What is the ten thousands digit of 18122?
1
What is the ten thousands digit of 14388?
1
What is the tens digit of 16698?
9
What is the tens digit of 3041?
4
What is the hundreds digit of 148?
1
What is the tens digit of 5727?
2
What is the tens digit of 5547?
4
What is the hundreds digit of 6753?
7
What is the units digit of 2314?
4
What is the tens digit of 20345?
4
What is the thousands digit of 2205?
2
What is the tens digit of 104696?
9
What is the tens digit of 2903?
0
What is the thousands digit of 17795?
7
What is the hundreds digit of 4269?
2
What is the ten thousands digit of 10232?
1
What is the thousands digit of 3717?
3
What is the units digit of 20914?
4
What is the tens digit of 916?
1
What is the ten thousands digit of 65250?
6
What is the units digit of 2892?
2
What is the units digit of 3980?
0
What is the ten thousands digit of 31493?
3
What is the thousands digit of 8842?
8
What is the tens digit of 453?
5
What is the units digit of 4484?
4
What is the hundreds digit of 13060?
0
What is the ten thousands digit of 12357?
1
What is the tens digit of 1260?
6
What is the thousands digit of 153671?
3
What is the hundreds digit of 7533?
5
What is the tens digit of 83770?
7
What is the hundreds digit of 86553?
5
What is the tens digit of 13478?
7
What is the thousands digit of 1834?
1
What is the ten thousands digit of 175137?
7
What is the ten thousands digit of 11357?
1
What is the units digit of 14427?
7
What is the thousands digit of 15024?
5
What is the tens digit of 2639?
3
What is the units digit of 2132?
2
What is the ten thousands digit of 12725?
1
What is the tens digit of 910?
1
What is the tens digit of 5388?
8
What is the thousands digit of 3688?
3
What is the hundreds digit of 6751?
7
What is the thousands digit of 5023?
5
What is the ten thousands digit of 17883?
1
What is the units digit of 823?
3
What is the tens digit of 136859?
5
What is the tens digit of 23500?
0
What is the units digit of 81?
1
What is the units digit of 73?
3
What is the units digit of 69876?
6
What is the tens digit of 33463?
6
What is the tens digit of 758?
5
What is the tens digit of 1079?
7
What is the hundreds digit of 1776?
7
What is the tens digit of 1691?
9
What is the hundreds digit of 5536?
5
What is the hundreds digit of 1152?
1
What is the units digit of 2830?
0
What is the thousands digit of 2055?
2
What is the tens digit of 30513?
1
What is the thousands digit of 29143?
9
What is the units digit of 4666?
6
What is the units digit of 22268?
8
What is the tens digit of 497?
9
What is the thousands digit of 2282?
2
What is the units digit of 2429?
9
What is the hundreds digit of 352?
3
What is the hundreds digit of 1422?
4
What is the units digit of 905?
5
What is the hundreds digit of 794?
7
What is the tens digit of 11541?
4
What is the units digit of 2142?
2
What is the units digit of 17257?
7
What is the tens digit of 5239?
3
What is the hundreds digit of 370?
3
What is the units digit of 101871?
1
What is the ten thousands digit of 18819?
1
What is the thousands digit of 14307?
4
What is the units digit of 674?
4
What is the units digit of 5587?
7
What is the ten thousands digit of 63957?
6
What is the thousands digit of 39362?
9
What is the units digit of 21792?
2
What is the units digit of 1108?
8
What is the units digit of 3752?
2
What is the tens digit of 5198?
9
What is the thousands digit of 5498?
5
What is the thousands digit of 1453?
1
What is the thousands digit of 127723?
7
What is the hundreds digit of 237?
2
What is the units digit of 901?
1
What is the thousands digit of 1362?
1
What is the hundreds digit of 26178?
1
What is the tens digit of 292?
9
What is the tens digit of 79506?
0
What is the ten thousands digit of 32189?
3
What is the hundreds digit of 4214?
2
What is the units digit of 8634?
4
What is the thousands digit of 9839?
9
What is the tens digit of 67559?
5
What is the ten thousands digit of 180824?
8
What is the tens digit of 4107?
0
What is the hundreds digit of 17458?
4
What is the hundreds digit of 2974?
9
What is the units digit of 797?
7
What is the thousands digit of 16415?
6
What is the hundreds digit of 36788?
7
What is the hundreds digit of 223?
2
What is the tens digit of 30980?
8
What is the tens digit of 27206?
0
What is the tens digit of 481?
8
What is the thousands digit of 12070?
2
What is the units digit of 5823?
3
What is the units digit of 2469?
9
What is the tens digit of 70112?
1
What is the units digit of 7514?
4
What is the tens digit of 46255?
5
What is the hundreds digit of 1577?
5
What is the hundreds digit of 2605?
6
What is the tens digit of 772?
7
What is the thousands digit of 12544?
2
What is the hundreds digit of 61490?
4
What is the thousands digit of 1244?
1
What is the units digit of 30965?
5
What is the units digit of 3832?
2
What is the tens digit of 4224?
2
What is the thousands digit of 4088?
4
What is the tens digit of 328?
2
What is the hundreds digit of 140?
1
What is the units digit of 67776?
6
What is the ten thousands digit of 61144?
6
What is the tens digit of 2472?
7
What is the thousands digit of 2375?
2
What is the hundreds digit of 1352?
3
What is the units digit of 2876?
6
What is the thousands digit of 40367?
0
What is the thousands digit of 2405?
2